{"id":12,"date":"2019-01-31T16:26:06","date_gmt":"2019-01-31T16:26:06","guid":{"rendered":"https:\/\/asebioevents.com\/agrobiotecnologia\/?page_id=12"},"modified":"2020-10-27T15:39:55","modified_gmt":"2020-10-27T15:39:55","slug":"media","status":"publish","type":"page","link":"https:\/\/asebioevents.com\/green\/media\/","title":{"rendered":"Media"},"content":{"rendered":"[vc_row][vc_column][vc_column_text css=\u00bb.vc_custom_1602761129899{margin-bottom: 0px !important;}\u00bb]\n<h1><span style=\"color: #5b997c;\">Registro de medios<\/span><\/h1>\n<ul>\n<li>Medios de comunicaci\u00f3n y periodistas pueden registrarse en el AseBio Green Innovation Forum\u00a0 sin coste.<\/li>\n<li>Profesionales del marketing, ventas o relaciones p\u00fablicas, consultores e investigadores no califican para registrarse como prensa.<\/li>\n<\/ul>\n<p>Para solicitar un registro de prensa, por favor contacte con <strong>Teresa Salcedo<\/strong>&#8211; <a href=\"mailto:tsalcedo@asebio.com\">tsalcedo@asebio.com<\/a>\u00a0 indicando su nombre completo, t\u00edtulo, medio para el que trabaja y datos de contacto.[\/vc_column_text][vc_separator color=\u00bbvista_blue\u00bb border_width=\u00bb2&#8243;][\/vc_column][\/vc_row][vc_row][vc_column][vc_column_text css=\u00bb.vc_custom_1602758917961{margin-bottom: 0px !important;}\u00bb]\n<h1><span style=\"color: #5b997c;\">Media Kit<\/span><\/h1>\n[\/vc_column_text][mk_padding_divider][\/vc_column][\/vc_row][vc_row][vc_column][vc_column_text css=\u00bb.vc_custom_1602772785216{margin-bottom: 0px !important;}\u00bb]\n<h3><span style=\"color: #5dbcaa;\">Redes sociales de AseBio<\/span><\/h3>\n[\/vc_column_text][mk_social_networks size=\u00bbx-large\u00bb style=\u00bbsimple-rounded\u00bb border_color=\u00bb#5dbcaa\u00bb bg_hover_color=\u00bb#5dbcaa\u00bb icon_color=\u00bb#5dbcaa\u00bb icon_hover_color=\u00bb#ffffff\u00bb facebook=\u00bbhttps:\/\/www.facebook.com\/asebio.biotecnologia\u00bb twitter=\u00bbhttps:\/\/twitter.com\/AseBio\u00bb instagram=\u00bbhttps:\/\/www.instagram.com\/asebio\/\u00bb youtube=\u00bbhttps:\/\/www.youtube.com\/channel\/UCsCKiwxxpc3vN2uhow7bAEg\u00bb][mk_padding_divider][vc_column_text css=\u00bb.vc_custom_1602772795842{margin-bottom: 0px !important;}\u00bb]\n<h3><span style=\"color: #5dbcaa;\">Imagen del evento<\/span><\/h3>\n[\/vc_column_text][vc_row_inner][vc_column_inner width=\u00bb2\/3&#8243;][vc_column_text css=\u00bb.vc_custom_1602762782869{margin-bottom: 0px !important;}\u00bb]<span style=\"color: #99cc00;\"><strong>Portada<\/strong><\/span>[\/vc_column_text][vc_single_image image=\u00bb563&#8243; img_size=\u00bblarge\u00bb][\/vc_column_inner][vc_column_inner width=\u00bb1\/3&#8243;][mk_padding_divider size=\u00bb160&#8243;][vc_btn title=\u00bbDescargar imagen\u00bb shape=\u00bbround\u00bb color=\u00bbvista-blue\u00bb align=\u00bbleft\u00bb link=\u00bburl:https%3A%2F%2Fasebioevents.com%2Fgreen%2Fwp-content%2Fuploads%2Fsites%2F3%2F2020%2F10%2Fbanner-green-innovation-forum-scaled.jpeg|||\u00bb][\/vc_column_inner][\/vc_row_inner][vc_row_inner][vc_column_inner width=\u00bb2\/3&#8243;][vc_column_text css=\u00bb.vc_custom_1602762772149{margin-bottom: 0px !important;}\u00bb]<span style=\"color: #99cc00;\"><strong>AseBio Green Innovation Forum logo<\/strong><\/span>[\/vc_column_text][vc_single_image image=\u00bb527&#8243; img_size=\u00bb500&#215;75&#8243;][\/vc_column_inner][vc_column_inner width=\u00bb1\/3&#8243;][mk_padding_divider][vc_btn title=\u00bbDescargar imagen\u00bb shape=\u00bbround\u00bb color=\u00bbvista-blue\u00bb align=\u00bbleft\u00bb link=\u00bburl:https%3A%2F%2Fasebioevents.com%2Fgreen%2Fwp-content%2Fuploads%2Fsites%2F3%2F2020%2F10%2Flogo-green-innovation-forum-2020-2.png|||\u00bb][\/vc_column_inner][\/vc_row_inner][vc_row_inner][vc_column_inner width=\u00bb2\/3&#8243;][vc_column_text css=\u00bb.vc_custom_1602762755509{margin-bottom: 0px !important;}\u00bb]<span style=\"color: #99cc00;\"><strong>AseBio\u00a0 logo<\/strong><\/span>[\/vc_column_text][vc_single_image image=\u00bb531&#8243; img_size=\u00bbmedium\u00bb][\/vc_column_inner][vc_column_inner width=\u00bb1\/3&#8243;][mk_padding_divider][mk_padding_divider][vc_btn title=\u00bbDescargar imagen\u00bb shape=\u00bbround\u00bb color=\u00bbvista-blue\u00bb align=\u00bbleft\u00bb link=\u00bburl:https%3A%2F%2Fasebioevents.com%2Fgreen%2Fwp-content%2Fuploads%2Fsites%2F3%2F2020%2F10%2Fasebio-spanish-bioindustry-association-black.png|||\u00bb][\/vc_column_inner][\/vc_row_inner][vc_separator color=\u00bbvista_blue\u00bb border_width=\u00bb2&#8243;][\/vc_column][\/vc_row][vc_row][vc_column][mk_padding_divider][vc_column_text css=\u00bb.vc_custom_1602761561893{margin-bottom: 0px !important;}\u00bb]\n<h1><span style=\"color: #5b997c;\">Documentaci\u00f3n de inter\u00e9s<\/span><\/h1>\n[\/vc_column_text][\/vc_column][\/vc_row][vc_row][vc_column width=\u00bb2\/3&#8243;][vc_column_text css=\u00bb.vc_custom_1602761744292{margin-bottom: 0px !important;}\u00bb]<span style=\"color: #333333;\"><strong>Posicionamiento de AseBio sobre la biotecnolog\u00eda industrial<\/strong><\/span><\/p>\n<p>La biotecnolog\u00eda industrial est\u00e1 cambiando la forma de trabajar en muchas industrias y se revela como un sector clave en la carrera por una bioeconom\u00eda m\u00e1s fuerte y m\u00e1s sostenible.<\/p>\n<p>Este documento muestra cuales son los requerimientos para impulsar la BI para una Europa m\u00e1s competitiva.[\/vc_column_text][\/vc_column][vc_column width=\u00bb1\/3&#8243;][vc_empty_space][vc_btn title=\u00bbDescargar PDF\u00bb shape=\u00bbround\u00bb color=\u00bbvista-blue\u00bb align=\u00bbleft\u00bb link=\u00bburl:https%3A%2F%2Fwww.asebio.com%2Fsites%2Fdefault%2Ffiles%2F2019-01%2FDOCUMENTO%2520POSICI%25C3%2593N%2520IB.PDF|||\u00bb][\/vc_column][\/vc_row][vc_row][vc_column][mk_padding_divider][\/vc_column][\/vc_row][vc_row][vc_column width=\u00bb2\/3&#8243;][vc_column_text css=\u00bb.vc_custom_1602761974005{margin-bottom: 0px !important;}\u00bb]<strong>Oportunidades y necesidades de la biotecnolog\u00eda agroalimentaria<\/strong>[\/vc_column_text][\/vc_column][vc_column width=\u00bb1\/3&#8243;][vc_btn title=\u00bbDescargar PDF\u00bb shape=\u00bbround\u00bb color=\u00bbvista-blue\u00bb align=\u00bbleft\u00bb link=\u00bburl:https%3A%2F%2Fwww.asebio.com%2Fsites%2Fdefault%2Ffiles%2F2019-06%2FDocumentodeposicionamiento_vf_0.pdf|||\u00bb][\/vc_column][\/vc_row][vc_row][vc_column][mk_padding_divider][\/vc_column][\/vc_row][vc_row][vc_column width=\u00bb2\/3&#8243;][vc_column_text css=\u00bb.vc_custom_1602762349907{margin-bottom: 0px !important;}\u00bb]<strong>Informe AseBio 2019<\/strong>[\/vc_column_text][\/vc_column][vc_column width=\u00bb1\/3&#8243;][vc_btn title=\u00bbDescargar PDF\u00bb shape=\u00bbround\u00bb color=\u00bbvista-blue\u00bb align=\u00bbleft\u00bb link=\u00bburl:https%3A%2F%2Fwww.asebio.com%2Fsites%2Fdefault%2Ffiles%2F2020-09%2FInforme%2520AseBio2019_0.pdf|||\u00bb][\/vc_column][\/vc_row]\n","protected":false},"excerpt":{"rendered":"<p>[vc_row][vc_column][vc_column_text css=\u00bb.vc_custom_1602761129899{margin-bottom: 0px !important;}\u00bb] Registro de medios Medios de comunicaci\u00f3n y periodistas pueden registrarse en el AseBio Green Innovation Forum\u00a0 sin coste. Profesionales del marketing, ventas o relaciones p\u00fablicas, consultores e investigadores no califican para registrarse como prensa. Para solicitar un registro de prensa, por favor contacte con Teresa Salcedo&#8211; tsalcedo@asebio.com\u00a0 indicando su nombre completo, [&hellip;]<\/p>\n","protected":false},"author":1,"featured_media":0,"parent":0,"menu_order":0,"comment_status":"closed","ping_status":"closed","template":"","meta":{"_mi_skip_tracking":false},"_links":{"self":[{"href":"https:\/\/asebioevents.com\/green\/wp-json\/wp\/v2\/pages\/12"}],"collection":[{"href":"https:\/\/asebioevents.com\/green\/wp-json\/wp\/v2\/pages"}],"about":[{"href":"https:\/\/asebioevents.com\/green\/wp-json\/wp\/v2\/types\/page"}],"author":[{"embeddable":true,"href":"https:\/\/asebioevents.com\/green\/wp-json\/wp\/v2\/users\/1"}],"replies":[{"embeddable":true,"href":"https:\/\/asebioevents.com\/green\/wp-json\/wp\/v2\/comments?post=12"}],"version-history":[{"count":20,"href":"https:\/\/asebioevents.com\/green\/wp-json\/wp\/v2\/pages\/12\/revisions"}],"predecessor-version":[{"id":759,"href":"https:\/\/asebioevents.com\/green\/wp-json\/wp\/v2\/pages\/12\/revisions\/759"}],"wp:attachment":[{"href":"https:\/\/asebioevents.com\/green\/wp-json\/wp\/v2\/media?parent=12"}],"curies":[{"name":"wp","href":"https:\/\/api.w.org\/{rel}","templated":true}]}}