{"id":640,"date":"2020-10-16T10:53:35","date_gmt":"2020-10-16T10:53:35","guid":{"rendered":"https:\/\/asebioevents.com\/green\/?page_id=640"},"modified":"2020-10-27T11:24:50","modified_gmt":"2020-10-27T11:24:50","slug":"terminosycondiciones","status":"publish","type":"page","link":"https:\/\/asebioevents.com\/green\/terminosycondiciones\/","title":{"rendered":"Terminos &#038; Condiciones"},"content":{"rendered":"[mk_page_section bg_color=\u00bb#ffffff\u00bb bg_position=\u00bbcenter center\u00bb bg_repeat=\u00bbno-repeat\u00bb bg_stretch=\u00bbtrue\u00bb video_color_mask=\u00bb#ffffff\u00bb video_opacity=\u00bb0.4&#8243; min_height=\u00bb275&#8243; full_width=\u00bbtrue\u00bb sidebar=\u00bbsidebar-1&#8243;][vc_column][mk_padding_divider size=\u00bb50&#8243;][vc_column_text align=\u00bbcenter\u00bb css=\u00bb.vc_custom_1603797883986{margin-bottom: 0px !important;}\u00bb]\n<h1><\/h1>\n<h1 style=\"text-align: center;\"><strong>T\u00c9RMINOS &amp; CONDICIONES<\/strong><\/h1>\n[\/vc_column_text][\/vc_column][\/mk_page_section][vc_row][vc_column][vc_column_text css=\u00bb.vc_custom_1603797855085{margin-bottom: 0px !important;}\u00bb]<strong>\u00daltima actualizaci\u00f3n: Octubre de 2020<\/strong><\/p>\n<ol>\n<li><strong>Introducci\u00f3n y datos identificativos del titular del sitio web<\/strong><\/li>\n<\/ol>\n<p>Los presentes t\u00e9rminos y condiciones regulan la compraventa de la inscripci\u00f3n en el <strong>AseBio Green Innovation Forum 2020<\/strong>, organizado por la entidad titular del presente sitio web:<\/p>\n<ul>\n<li>Asociaci\u00f3n Espa\u00f1ola de Bioempresas (en adelante, denominada <strong>AseBio<\/strong>)<\/li>\n<li>NIF n\u00famero: G82643453<\/li>\n<li>Domicilio: C\/ Diego de Le\u00f3n, n\u00ba 49, 1\u00ba izquierda, C.P. 28006 de Madrid<\/li>\n<li>Datos registrales: inscrita en el Registro de Asociaciones del Ministerio del Interior con el n\u00famero 166214 de la Secci\u00f3n 1\u00aa<\/li>\n<li>Direcci\u00f3n de correo electr\u00f3nico: <a href=\"mailto:secretariageneral@asebio.com\">secretariageneral@AseBio.com<\/a><\/li>\n<li>Tel\u00e9fono: 91 210 9374\/91 210 9310.<\/li>\n<\/ul>\n<p>La aceptaci\u00f3n \u00edntegra de los presentes t\u00e9rminos y condiciones es condici\u00f3n necesaria para realizar la inscripci\u00f3n en el AseBio Green Innovation Forum 2020, por lo que le rogamos los lea detenidamente.<\/p>\n<ol start=\"2\">\n<li><strong>Fecha y lugar del evento<\/strong><\/li>\n<\/ol>\n<p>El AseBio Green Innovation Forum 2020 tendr\u00e1 lugar del 24 al 26 de noviembre 2020, en formato digital.<\/p>\n<ol start=\"3\">\n<li><strong>Proceso de inscripci\u00f3n<\/strong><\/li>\n<\/ol>\n<ul>\n<li><strong><u>Registro <\/u><\/strong><\/li>\n<\/ul>\n<p>La persona que se inscriba al evento (en adelante, denominado el <strong>Usuario<\/strong>), sea o no socio de AseBio, deber\u00e1 ser mayor de dieciocho (18) a\u00f1os, tener plena capacidad legal para celebrar contratos y debe ser titular de la tarjeta bancaria que utilice para el pago de la inscripci\u00f3n.<\/p>\n<p>Ser\u00e1 necesario que, dentro del formulario habilitado al efecto, introduzca sus datos personales, leer y aceptar los presentes T\u00e9rminos y Condiciones y pagar. Una vez complete adecuadamente los referidos pasos habr\u00e1 finalizado el proceso de inscripci\u00f3n.<\/p>\n<p>El registro online se cerrar\u00e1 el <strong>24 de noviembre<\/strong> (o hasta completar el aforo).<\/p>\n<p>El registro ser\u00e1 por orden de inscripci\u00f3n a trav\u00e9s del formulario online habilitado al efecto.<\/p>\n<ul>\n<li><strong><u>Precios y pago<\/u><\/strong><\/li>\n<\/ul>\n<p>Para finalizar el proceso de inscripci\u00f3n, y una vez completados los datos del formulario, el Usuario podr\u00e1 ver los Productos seleccionados en su \u201corden\u201d y que constituye el presupuesto.<\/p>\n<p>Si est\u00e1 conforme con el presupuesto mostrado, deber\u00e1 proceder al pago del 100% de la inscripci\u00f3n a trav\u00e9s de los medios de pago que ofrece el sitio web. Al hacer clic en \u201cplace order\u201d, el Usuario acepta el presupuesto y los presentes T\u00e9rminos y Condiciones que, deber\u00e1n ser impresas y archivadas por el Usuario.<\/p>\n<p>Todos los registros se facturar\u00e1n en euros (\u20ac). Los precios mostrados excluyen el Impuesto sobre el Valor A\u00f1adido (IVA) vigente, por lo que se a\u00f1adir\u00e1n los impuestos y aranceles correspondientes conforme a la normativa vigente.<\/p>\n<p>La tarifa de registro incluye:<\/p>\n<ul>\n<li>Env\u00edo de 50 peticiones de reuni\u00f3n en la plataforma de partnering.<\/li>\n<li>Acceso al programa de conferencias.<\/li>\n<li>Publicaci\u00f3n del perfil de su empresa en la plataforma de partnering.<\/li>\n<\/ul>\n<p>Los registros podr\u00e1n ser pagados con tarjeta de d\u00e9bito o cr\u00e9dito. El Usuario ser\u00e1 redirigido a una pasarela de pago segura para que pueda introducir los datos de la tarjeta. En la pasarela del banco correspondiente, se identificar\u00e1 como titular de la tarjeta, para ello le solicitar\u00e1n unos datos de comprobaci\u00f3n. El cargo del importe correspondiente se efectuar\u00e1 dentro de las siguientes 48 horas de la fecha del pedido, que se considerar\u00e1 efectivo tras haberse recibido confirmaci\u00f3n de la entidad emisora de la tarjeta.<\/p>\n<p>El Usuario recibir\u00e1 la factura en formato digital, que podr\u00e1 imprimir, desglosando, en su caso, el importe de los descuentos que sean de aplicaci\u00f3n y de los gastos que se repercutan al Usuario.<\/p>\n<ul>\n<li><strong><u>Medios t\u00e9cnicos para identificar y corregir errores<\/u><\/strong><\/li>\n<\/ul>\n<p>Una vez el pago sea efectuado, el Usuario recibir\u00e1 un correo electr\u00f3nico de confirmaci\u00f3n del pedido, en el cual se incluir\u00e1 detalle de los registros adquiridos y sus datos personales.<\/p>\n<p>En caso de que el Usuario detectara un error en el registro o los datos facilitados durante el registro, podr\u00e1 modificar los mismos enviando un correo electr\u00f3nico a <a href=\"mailto:ecampos@asebio.com\">ecampos@AseBio.com<\/a><\/p>\n<ul>\n<li><strong><u>Pol\u00edtica de cancelaci\u00f3n<\/u><\/strong><\/li>\n<\/ul>\n<p>Los asistentes no tienen derecho de desistimiento de acuerdo con la normativa vigente, pues se trata de un evento dirigido a profesionales del sector de la biotecnolog\u00eda y no a consumidores y usuarios.<\/p>\n<p>No obstante, es posible la cancelaci\u00f3n de su registro si lo comunica antes del 6 de noviembre a AseBio, en el correo electr\u00f3nico ecampos@AseBio.com, para recibir un reembolso del 50% de la tarifa.<\/p>\n<p>Posteriormente a esta fecha no se har\u00e1n devoluciones. Sin embargo, un registro que ya ha sido pagado puede ser transferido a otra persona de la misma empresa.<\/p>\n<ul>\n<li><strong><u>Condiciones c\u00f3digos descuento o promocionales<\/u><\/strong><\/li>\n<\/ul>\n<p>AseBio puede ofrecer c\u00f3digos descuento o promocionales al Usuario por diversos canales, que pueden ser utilizados exclusivamente en los registros realizados a trav\u00e9s del presente sitio web.<\/p>\n<p>Para beneficiarse de estos descuentos o promociones, el Usuario deber\u00e1 insertarlos durante el proceso de inscripci\u00f3n. El Usuario s\u00f3lo podr\u00e1 utilizar un \u00fanico c\u00f3digo por pedido y no son compatibles con otras promociones que estuvieran vigentes en el momento de realizar el pedido.<\/p>\n<p>La tarifa de socio de AseBio no es acumulable a otros descuentos.<\/p>\n<p>Estos c\u00f3digos de descuento o promocionales caducan seg\u00fan los t\u00e9rminos y condiciones indicados en cada oferta o promoci\u00f3n que ofrezca AseBio.<\/p>\n<p><strong>Responsabilidad<\/strong><\/p>\n<p>AseBio declina cualquier tipo de responsabilidad que se pudiera derivar por un incorrecto uso por parte de los Usuarios del procedimiento de registro online.<\/p>\n<p>Tambi\u00e9n se declina cualquier responsabilidad por los posibles perjuicios causados por terceros y que no sean atribuibles a AseBio. En particular, el Usuario asumir\u00e1 el riesgo de da\u00f1os y p\u00e9rdidas de objetos en exposici\u00f3n u otros elementos, incluidas propiedades personales, llevadas a las salas del evento. La organizaci\u00f3n del evento no asume ninguna responsabilidad por p\u00e9rdida, destrucci\u00f3n o da\u00f1os a tales objetos.<\/p>\n<p>AseBio no puede garantizar la invulnerabilidad absoluta de sus sistemas de seguridad, por lo que excluye cualquier tipo de responsabilidad por da\u00f1os y perjuicios de toda naturaleza que puedan deberse a la presencia de virus inform\u00e1ticos, interrupciones, ca\u00eddas, ausencia o defectos en las telecomunicaciones y\/o del sistema y, en general, dem\u00e1s inconvenientes que tengan su origen en causas que escapan del control de AseBio, y\/o debida a una actuaci\u00f3n dolosa o culposa del Usuario y\/o tenga por origen causas de fuerza mayor o caso fortuito.<\/p>\n<ol start=\"4\">\n<li><strong>Incidencias<\/strong><\/li>\n<\/ol>\n<p>En caso de incidencias, reclamaciones, o de tener alguna duda, le rogamos que env\u00ede un correo electr\u00f3nico a AseBio, en la siguiente direcci\u00f3n de correo electr\u00f3nico <a href=\"mailto:ecampos@asebio.com\">ecampos@asebio.com<\/a><\/p>\n<ol start=\"5\">\n<li><strong>Validez<\/strong><\/li>\n<\/ol>\n<p>Si alguna de las cl\u00e1usulas de los presentes T\u00e9rminos y Condiciones fuera considerada nula o inaplicable, no afectar\u00e1 al resto de cl\u00e1usulas, que conservaran toda su vigencia.<\/p>\n<ol start=\"6\">\n<li><strong>Modificaciones<\/strong><\/li>\n<\/ol>\n<p>En cualquier momento, AseBio puede modificar unilateralmente, y sin previo aviso, el contenido de los presentes T\u00e9rminos y Condiciones y de cualquier condici\u00f3n particular que dependa de AseBio, por lo que se recomienda su lectura previamente a cada proceso de inscripci\u00f3n.<\/p>\n<ol start=\"7\">\n<li><strong>Jurisdicci\u00f3n y ley aplicable<\/strong><\/li>\n<\/ol>\n<p>AseBio y el Asistente al evento, con renuncia expresa a cualquier otro fuero, se someten para cualquier controversia que pudiera surgir, al de los Juzgados y Tribunales de la ciudad de Madrid (Espa\u00f1a).<\/p>\n<p>Los presentes t\u00e9rminos y condiciones se regir\u00e1n por la legislaci\u00f3n espa\u00f1ola, que se ser\u00e1 de aplicaci\u00f3n en lo no dispuesto en estas condiciones en materia de interpretaci\u00f3n, validez y ejecuci\u00f3n.<\/p>\n<p><strong>\u00a0<\/strong>[\/vc_column_text][\/vc_column][\/vc_row][vc_row][vc_column][\/vc_column][\/vc_row]\n","protected":false},"excerpt":{"rendered":"<p>[mk_page_section bg_color=\u00bb#ffffff\u00bb bg_position=\u00bbcenter center\u00bb bg_repeat=\u00bbno-repeat\u00bb bg_stretch=\u00bbtrue\u00bb video_color_mask=\u00bb#ffffff\u00bb video_opacity=\u00bb0.4&#8243; min_height=\u00bb275&#8243; full_width=\u00bbtrue\u00bb sidebar=\u00bbsidebar-1&#8243;][vc_column][mk_padding_divider size=\u00bb50&#8243;][vc_column_text align=\u00bbcenter\u00bb css=\u00bb.vc_custom_1603797883986{margin-bottom: 0px !important;}\u00bb] T\u00c9RMINOS &amp; CONDICIONES [\/vc_column_text][\/vc_column][\/mk_page_section][vc_row][vc_column][vc_column_text css=\u00bb.vc_custom_1603797855085{margin-bottom: 0px !important;}\u00bb]\u00daltima actualizaci\u00f3n: Octubre de 2020 Introducci\u00f3n y datos identificativos del titular del sitio web Los presentes t\u00e9rminos y condiciones regulan la compraventa de la inscripci\u00f3n en el AseBio Green Innovation Forum 2020, organizado [&hellip;]<\/p>\n","protected":false},"author":1,"featured_media":0,"parent":0,"menu_order":0,"comment_status":"closed","ping_status":"closed","template":"","meta":{"_mi_skip_tracking":false},"_links":{"self":[{"href":"https:\/\/asebioevents.com\/green\/wp-json\/wp\/v2\/pages\/640"}],"collection":[{"href":"https:\/\/asebioevents.com\/green\/wp-json\/wp\/v2\/pages"}],"about":[{"href":"https:\/\/asebioevents.com\/green\/wp-json\/wp\/v2\/types\/page"}],"author":[{"embeddable":true,"href":"https:\/\/asebioevents.com\/green\/wp-json\/wp\/v2\/users\/1"}],"replies":[{"embeddable":true,"href":"https:\/\/asebioevents.com\/green\/wp-json\/wp\/v2\/comments?post=640"}],"version-history":[{"count":6,"href":"https:\/\/asebioevents.com\/green\/wp-json\/wp\/v2\/pages\/640\/revisions"}],"predecessor-version":[{"id":758,"href":"https:\/\/asebioevents.com\/green\/wp-json\/wp\/v2\/pages\/640\/revisions\/758"}],"wp:attachment":[{"href":"https:\/\/asebioevents.com\/green\/wp-json\/wp\/v2\/media?parent=640"}],"curies":[{"name":"wp","href":"https:\/\/api.w.org\/{rel}","templated":true}]}}