{"id":53,"date":"2019-06-26T11:19:47","date_gmt":"2019-06-26T09:19:47","guid":{"rendered":"https:\/\/asebioevents.com\/health\/programa\/"},"modified":"2020-12-16T09:17:28","modified_gmt":"2020-12-16T08:17:28","slug":"programa","status":"publish","type":"page","link":"https:\/\/asebioevents.com\/health\/programa\/?lang=en","title":{"rendered":"Program"},"content":{"rendered":"[mk_page_section bg_image=&#8221;https:\/\/asebioevents.com\/health\/wp-content\/uploads\/sites\/5\/2020\/11\/mitosis-3876669.jpg&#8221; bg_position=&#8221;center top&#8221; bg_repeat=&#8221;no-repeat&#8221; bg_stretch=&#8221;true&#8221; video_color_mask=&#8221;rgba(77,140,43,0.6)&#8221; min_height=&#8221;250&#8243; full_width=&#8221;true&#8221; sidebar=&#8221;sidebar-1&#8243;][vc_column][mk_padding_divider size=&#8221;78&#8243;][vc_column_text css=&#8221;.vc_custom_1551792503480{margin-bottom: 0px !important;}&#8221;]\n<h2 style=\"text-align: center;\"><span style=\"color: #ffffff;\">PROGRAMA<\/span><\/h2>\n[\/vc_column_text][\/vc_column][\/mk_page_section][mk_page_section][vc_column width=&#8221;1\/2&#8243;][mk_padding_divider size=&#8221;78&#8243;][\/vc_column][vc_column width=&#8221;1\/2&#8243;][\/vc_column][\/mk_page_section][mk_page_section][vc_column][vc_column_text css=&#8221;.vc_custom_1606925469830{margin-bottom: 0px !important;}&#8221;]<strong>Follow the program live here <\/strong><\/p>\n<p><strong>Important:<\/strong> Program sessions will be delivered in <strong>Spanish<\/strong>[\/vc_column_text][vc_row_inner][vc_column_inner][vc_video link=&#8221;https:\/\/www.youtube.com\/watch?v=zdbGdA0tM8A&#8221;][mk_padding_divider][mk_padding_divider][\/vc_column_inner][\/vc_row_inner][vc_tta_accordion style=&#8221;outline&#8221; shape=&#8221;round&#8221; color=&#8221;juicy-pink&#8221; active_section=&#8221;1&#8243;][vc_tta_section title=&#8221;DECEMBER 3 &#8211; EUROPE&#8217;S BEATING CANCER PLAN&#8221; tab_id=&#8221;1606915263123-0fde3c14-8ac1&#8243;][vc_row_inner][vc_column_inner width=&#8221;1\/4&#8243;][vc_column_text css=&#8221;.vc_custom_1606915467042{margin-bottom: 0px !important;}&#8221;]\n<h2><span style=\"color: #ea5653;\">16:00 &#8211; 17:30<\/span><\/h2>\n[\/vc_column_text][vc_column_text css=&#8221;.vc_custom_1606915482342{margin-bottom: 0px !important;}&#8221;]Sponsored by:[\/vc_column_text][vc_single_image image=&#8221;361&#8243; img_size=&#8221;200&#215;50&#8243;][\/vc_column_inner][vc_column_inner width=&#8221;3\/4&#8243;][vc_column_text css=&#8221;.vc_custom_1606915623117{margin-bottom: 0px !important;}&#8221;]\n<h3><span style=\"color: #ea5653;\">Welcome Remarks\u00a0<\/span><\/h3>\n<p><strong>Ion Arocena<\/strong>, Managing Director, AseBio<\/p>\n<p><strong>Alfredo Gonz\u00e1lez<\/strong>, Secretary General of Digital Health, Information &amp; Innovation of the National Health System[\/vc_column_text][vc_column_text css=&#8221;.vc_custom_1606915674149{margin-bottom: 0px !important;}&#8221;]\n<h3><span style=\"color: #ea5653;\">Welcome to the Round Table<\/span><\/h3>\n<p><strong>Miguel Fern\u00e1ndez<\/strong>, CEO,\u00a0 Merck Spain[\/vc_column_text][vc_column_text css=&#8221;.vc_custom_1606915992137{margin-bottom: 0px !important;}&#8221;]\n<h3><span style=\"color: #ea5653;\">THE CHALLENGES OF ONCOLOGY IN EUROPE: EUROPE\u2019S BEATING CANCER PLAN<\/span><\/h3>\n<p><span style=\"color: #ff0000;\"><strong>Moderator:<\/strong><\/span><\/p>\n<ul>\n<li><strong>Ana Polanco<\/strong>, Market Access y Corporate Affairs Director,\u00a0 Merck Spain<\/li>\n<\/ul>\n<p><strong>Speakers:<\/strong><\/p>\n<ul>\n<li><strong>Dolors Monserrat<\/strong>, Member of the European Parliament, chair of the Committee on Petitions and member of the Committee on the Environment, Public Health and Food Safety.<\/li>\n<li><strong>Mar\u00eda Jes\u00fas Lamas<\/strong>, Director of the Spanish Agency of Medicines and Medical Devices.<\/li>\n<li><strong>Jes\u00fas Garc\u00eda-Foncillas, <\/strong>Director of OncoHealth Oncology Institute &#8211; Representative of the Spanish Society of Medical Oncology (SEOM)<\/li>\n<\/ul>\n[\/vc_column_text][\/vc_column_inner][\/vc_row_inner][\/vc_tta_section][vc_tta_section title=&#8221;DECEMBER 15 &#8211; ADVANCED THERAPIES&#8221; tab_id=&#8221;1606915263123-3de06f76-5867&#8243;][vc_row_inner][vc_column_inner width=&#8221;1\/4&#8243;][vc_column_text css=&#8221;.vc_custom_1607514184341{margin-bottom: 0px !important;}&#8221;]\n<h3><span style=\"color: #ea5653;\">10:00 &#8211; 10:45<\/span><\/h3>\n[\/vc_column_text][vc_column_text css=&#8221;.vc_custom_1607959126393{margin-bottom: 0px !important;}&#8221;]Sponsored by:[\/vc_column_text][vc_single_image image=&#8221;374&#8243; img_size=&#8221;180&#215;60&#8243;][\/vc_column_inner][vc_column_inner width=&#8221;3\/4&#8243;][vc_column_text css=&#8221;.vc_custom_1607514219977{margin-bottom: 0px !important;}&#8221;]\n<h3><span style=\"color: #ea5653;\">Public-Private Collaboration in Advanced Therapies\u00a0<\/span><\/h3>\n[\/vc_column_text][vc_column_text css=&#8221;.vc_custom_1607514454943{margin-bottom: 0px !important;}&#8221;]<strong>Moderator:<\/strong><\/p>\n<ul>\n<li><strong>Gurutz Linazasoro<\/strong>, Coordinator Advanced Therapies Working Group,\u00a0 AseBio<\/li>\n<\/ul>\n<p><strong>Speakers:<\/strong><\/p>\n<ul>\n<li><strong>Juan Jose F. Polledo<\/strong>, Director Corporate Affairs, Takeda<\/li>\n<li><strong>Roke I\u00f1aki Oruezabal<\/strong>, Director &#8211; Development &amp; Innovation, Andalusian Network for the design and Translation of Advanced Therapies<\/li>\n<li><strong>Mariano Garc\u00eda-Arranz<\/strong>, Researcher, New Therapies Lab &#8211; Fundaci\u00f3n Jim\u00e9nez D\u00edaz University Hospital Health Research Institute<\/li>\n<\/ul>\n[\/vc_column_text][\/vc_column_inner][\/vc_row_inner][vc_row_inner][vc_column_inner width=&#8221;1\/4&#8243;][vc_column_text css=&#8221;.vc_custom_1608028530964{margin-bottom: 0px !important;}&#8221;]\n<h3><span style=\"color: #ea5653;\">12:30 &#8211; 13:30<\/span><\/h3>\n[\/vc_column_text][vc_column_text css=&#8221;.vc_custom_1608028548540{margin-bottom: 0px !important;}&#8221;]Sponsored by:[\/vc_column_text][vc_single_image image=&#8221;357&#8243; img_size=&#8221;150&#215;100&#8243;][\/vc_column_inner][vc_column_inner width=&#8221;3\/4&#8243;][vc_column_text css=&#8221;.vc_custom_1608028634465{margin-bottom: 0px !important;}&#8221;]\n<h3><span style=\"color: #ea5653;\">Advanced Therapies Manufacturing: technical &amp; regulatory challenges<\/span><\/h3>\n<p><strong>Moderator: <\/strong><\/p>\n<ul>\n<li><strong>Gurutz Linazasoro, <\/strong>CEO VIVEbiotech<\/li>\n<\/ul>\n<p><strong>Speakers: <\/strong><\/p>\n<ul>\n<li><strong>Natalia Elizalde,<\/strong> Business Development Director, VIVEBiotech<\/li>\n<li><strong>Angeles Escart\u00ed Nebot,<\/strong> Principal Consultant, Scendea<\/li>\n<li><strong>Javier Lobo,<\/strong> Manager of Field Application Specialist para Espa\u00f1a, Portugal e Italia, Sartorius Stedim Biotech<\/li>\n<\/ul>\n[\/vc_column_text][\/vc_column_inner][\/vc_row_inner][\/vc_tta_section][vc_tta_section title=&#8221;DECEMBER 16 &#8211; EU PHARMACEUTICAL STRATEGY&#8221; tab_id=&#8221;1606915354252-57f98abb-55c1&#8243;][vc_row_inner][vc_column_inner width=&#8221;1\/4&#8243;][vc_column_text css=&#8221;.vc_custom_1607514854632{margin-bottom: 0px !important;}&#8221;]\n<h3><span style=\"color: #ea5653;\">09:30 &#8211; 10:30<\/span><\/h3>\n[\/vc_column_text][\/vc_column_inner][vc_column_inner width=&#8221;3\/4&#8243;][vc_column_text css=&#8221;.vc_custom_1608028296481{margin-bottom: 0px !important;}&#8221;]<strong>Moderator:<\/strong><\/p>\n<ul>\n<li><strong>Enrique Castell\u00f3n<\/strong>, Delegate Health Working Group, AseBio<\/li>\n<\/ul>\n<p><strong>Speakers:<\/strong><\/p>\n<ul>\n<li><strong>Isabel Amat, <\/strong>Global Head of Innovation and Pipeline Management, Reig Jofre<\/li>\n<li><strong>Jose Ram\u00f3n Luis-Yag\u00fce, <\/strong>Director of Regional Governments Relations, Farmaindustria<\/li>\n<li><strong>Oriol Penon, <\/strong>Business Development &amp; Sales Manager, Asphalion<\/li>\n<li><strong>Encarna Cruz, <\/strong>General Manager, Biosim<\/li>\n<\/ul>\n[\/vc_column_text][\/vc_column_inner][\/vc_row_inner][\/vc_tta_section][vc_tta_section title=&#8221;DECEMBER 16 &#8211; PRECISION MEDICINE&#8221; tab_id=&#8221;1606915386006-9b8350f0-dc38&#8243;][vc_row_inner][vc_column_inner width=&#8221;1\/4&#8243;][vc_column_text css=&#8221;.vc_custom_1607515001532{margin-bottom: 0px !important;}&#8221;]\n<h3><span style=\"color: #ea5653;\">11:00 &#8211; 12:00<\/span><\/h3>\n[\/vc_column_text][vc_column_text css=&#8221;.vc_custom_1607959263432{margin-bottom: 0px !important;}&#8221;]Sponsored by:[\/vc_column_text][vc_single_image image=&#8221;359&#8243; img_size=&#8221;200&#215;50&#8243;][\/vc_column_inner][vc_column_inner width=&#8221;3\/4&#8243;][vc_column_text css=&#8221;.vc_custom_1607769221444{margin-bottom: 0px !important;}&#8221;]<strong>Moderador: <\/strong><\/p>\n<ul>\n<li><strong>Jes\u00fas Mar\u00eda Fern\u00e1ndez<\/strong><strong>, <\/strong>CEO, HIRIS Innovation Technologies<\/li>\n<\/ul>\n<p><strong>Ponentes: <\/strong><\/p>\n<ul>\n<li><strong>Juan Cruz Cigudosa,<\/strong> Navarra, Consejero de Universidad, Innovaci\u00f3n y Transformaci\u00f3n Digital del Gobierno de Navarra.<\/li>\n<li><strong>Enriqueta Felip,<\/strong> Vicepresidenta de SEOM &amp; Onc\u00f3loga M\u00e9dico del Servicio de Oncolog\u00eda M\u00e9dica Hospital Universitari General Vall d&#8217;Hebr\u00f3n<\/li>\n<li><strong>Jos\u00e9 Palacios, <\/strong>Jefe del Servicio de Anatom\u00eda Patol\u00f3gica del Hospital Universitario Ram\u00f3n y Cajal<\/li>\n<li><strong>Crist\u00f3bal Belda, <\/strong>Subdirector de Evaluaci\u00f3n y Fomento de la Investigaci\u00f3n del Instituto de Salud Carlos III<\/li>\n<li><strong>Jorge Mestre, <\/strong>Consultor Econ\u00f3mico &amp; Profesor Asociado, Universidad Carlos<\/li>\n<\/ul>\n[\/vc_column_text][\/vc_column_inner][\/vc_row_inner][vc_row_inner][vc_column_inner width=&#8221;1\/4&#8243;][vc_column_text css=&#8221;.vc_custom_1607769239729{margin-bottom: 0px !important;}&#8221;]\n<h3><span style=\"color: #ea5653;\">12:30 &#8211; 12:15<\/span><\/h3>\n[\/vc_column_text][\/vc_column_inner][vc_column_inner width=&#8221;3\/4&#8243;][vc_column_text css=&#8221;.vc_custom_1607769335135{margin-bottom: 0px !important;}&#8221;]<strong>Closing Remarks:<\/strong><\/p>\n<ul>\n<li><strong>Ana Polanco<\/strong>, President of AseBio<\/li>\n<li><strong>Pedro Alonso<\/strong>, Director of the WHO Global Malaria Programme<\/li>\n<\/ul>\n[\/vc_column_text][\/vc_column_inner][\/vc_row_inner][\/vc_tta_section][\/vc_tta_accordion][\/vc_column][\/mk_page_section]\n","protected":false},"excerpt":{"rendered":"<p>[mk_page_section bg_image=&#8221;https:\/\/asebioevents.com\/health\/wp-content\/uploads\/sites\/5\/2020\/11\/mitosis-3876669.jpg&#8221; bg_position=&#8221;center top&#8221; bg_repeat=&#8221;no-repeat&#8221; bg_stretch=&#8221;true&#8221; video_color_mask=&#8221;rgba(77,140,43,0.6)&#8221; min_height=&#8221;250&#8243; full_width=&#8221;true&#8221; sidebar=&#8221;sidebar-1&#8243;][vc_column][mk_padding_divider size=&#8221;78&#8243;][vc_column_text css=&#8221;.vc_custom_1551792503480{margin-bottom: 0px !important;}&#8221;] PROGRAMA [\/vc_column_text][\/vc_column][\/mk_page_section][mk_page_section][vc_column width=&#8221;1\/2&#8243;][mk_padding_divider size=&#8221;78&#8243;][\/vc_column][vc_column width=&#8221;1\/2&#8243;][\/vc_column][\/mk_page_section][mk_page_section][vc_column][vc_column_text css=&#8221;.vc_custom_1606925469830{margin-bottom: 0px !important;}&#8221;]Follow the program live here Important: Program sessions will be delivered in Spanish[\/vc_column_text][vc_row_inner][vc_column_inner][vc_video link=&#8221;https:\/\/www.youtube.com\/watch?v=zdbGdA0tM8A&#8221;][mk_padding_divider][mk_padding_divider][\/vc_column_inner][\/vc_row_inner][vc_tta_accordion style=&#8221;outline&#8221; shape=&#8221;round&#8221; color=&#8221;juicy-pink&#8221; active_section=&#8221;1&#8243;][vc_tta_section title=&#8221;DECEMBER 3 &#8211; EUROPE&#8217;S BEATING CANCER PLAN&#8221; tab_id=&#8221;1606915263123-0fde3c14-8ac1&#8243;][vc_row_inner][vc_column_inner width=&#8221;1\/4&#8243;][vc_column_text css=&#8221;.vc_custom_1606915467042{margin-bottom: 0px !important;}&#8221;] 16:00 &#8211; 17:30 [\/vc_column_text][vc_column_text [&hellip;]<\/p>\n","protected":false},"author":1,"featured_media":0,"parent":0,"menu_order":0,"comment_status":"closed","ping_status":"closed","template":"","meta":{"_mi_skip_tracking":false},"_links":{"self":[{"href":"https:\/\/asebioevents.com\/health\/wp-json\/wp\/v2\/pages\/53\/?lang=en"}],"collection":[{"href":"https:\/\/asebioevents.com\/health\/wp-json\/wp\/v2\/pages\/?lang=en"}],"about":[{"href":"https:\/\/asebioevents.com\/health\/wp-json\/wp\/v2\/types\/page\/?lang=en"}],"author":[{"embeddable":true,"href":"https:\/\/asebioevents.com\/health\/wp-json\/wp\/v2\/users\/1\/?lang=en"}],"replies":[{"embeddable":true,"href":"https:\/\/asebioevents.com\/health\/wp-json\/wp\/v2\/comments\/?lang=en&post=53"}],"version-history":[{"count":17,"href":"https:\/\/asebioevents.com\/health\/wp-json\/wp\/v2\/pages\/53\/revisions\/?lang=en"}],"predecessor-version":[{"id":466,"href":"https:\/\/asebioevents.com\/health\/wp-json\/wp\/v2\/pages\/53\/revisions\/466\/?lang=en"}],"wp:attachment":[{"href":"https:\/\/asebioevents.com\/health\/wp-json\/wp\/v2\/media\/?lang=en&parent=53"}],"curies":[{"name":"wp","href":"https:\/\/api.w.org\/{rel}","templated":true}]}}

[mk_page_section bg_image=&#8221;https://asebioevents.com/health/wp-content/uploads/sites/5/2020/11/mitosis-3876669.jpg&#8221; bg_position=&#8221;center top&#8221; bg_repeat=&#8221;no-repeat&#8221; bg_stretch=&#8221;true&#8221; video_color_mask=&#8221;rgba(77,140,43,0.6)&#8221; min_height=&#8221;250&#8243; full_width=&#8221;true&#8221; sidebar=&#8221;sidebar-1&#8243;][vc_column][mk_padding_divider size=&#8221;78&#8243;][vc_column_text css=&#8221;.vc_custom_1551792503480{margin-bottom: 0px !important;}&#8221;]
<h2 style="text-align: center;"><span style="color: #ffffff;">PROGRAMA</span></h2>
[/vc_column_text][/vc_column][/mk_page_section][mk_page_section][vc_column width=&#8221;1/2&#8243;][mk_padding_divider size=&#8221;78&#8243;][/vc_column][vc_column width=&#8221;1/2&#8243;][/vc_column][/mk_page_section][mk_page_section][vc_column][vc_column_text css=&#8221;.vc_custom_1606925469830{margin-bottom: 0px !important;}&#8221;]<strong>Follow the program live here </strong></p>
<p><strong>Important:</strong> Program sessions will be delivered in <strong>Spanish</strong>[/vc_column_text][vc_row_inner][vc_column_inner][vc_video link=&#8221;https://www.youtube.com/watch?v=zdbGdA0tM8A&#8221;][mk_padding_divider][mk_padding_divider][/vc_column_inner][/vc_row_inner][vc_tta_accordion style=&#8221;outline&#8221; shape=&#8221;round&#8221; color=&#8221;juicy-pink&#8221; active_section=&#8221;1&#8243;][vc_tta_section title=&#8221;DECEMBER 3 &#8211; EUROPE&#8217;S BEATING CANCER PLAN&#8221; tab_id=&#8221;1606915263123-0fde3c14-8ac1&#8243;][vc_row_inner][vc_column_inner width=&#8221;1/4&#8243;][vc_column_text css=&#8221;.vc_custom_1606915467042{margin-bottom: 0px !important;}&#8221;]
<h2><span style="color: #ea5653;">16:00 &#8211; 17:30</span></h2>
[/vc_column_text][vc_column_text css=&#8221;.vc_custom_1606915482342{margin-bottom: 0px !important;}&#8221;]Sponsored by:[/vc_column_text][vc_single_image image=&#8221;361&#8243; img_size=&#8221;200&#215;50&#8243;][/vc_column_inner][vc_column_inner width=&#8221;3/4&#8243;][vc_column_text css=&#8221;.vc_custom_1606915623117{margin-bottom: 0px !important;}&#8221;]
<h3><span style="color: #ea5653;">Welcome Remarks </span></h3>
<p><strong>Ion Arocena</strong>, Managing Director, AseBio</p>
<p><strong>Alfredo González</strong>, Secretary General of Digital Health, Information &amp; Innovation of the National Health System[/vc_column_text][vc_column_text css=&#8221;.vc_custom_1606915674149{margin-bottom: 0px !important;}&#8221;]
<h3><span style="color: #ea5653;">Welcome to the Round Table</span></h3>
<p><strong>Miguel Fernández</strong>, CEO,  Merck Spain[/vc_column_text][vc_column_text css=&#8221;.vc_custom_1606915992137{margin-bottom: 0px !important;}&#8221;]
<h3><span style="color: #ea5653;">THE CHALLENGES OF ONCOLOGY IN EUROPE: EUROPE’S BEATING CANCER PLAN</span></h3>
<p><span style="color: #ff0000;"><strong>Moderator:</strong></span></p>
<ul>
<li><strong>Ana Polanco</strong>, Market Access y Corporate Affairs Director,  Merck Spain</li>
</ul>
<p><strong>Speakers:</strong></p>
<ul>
<li><strong>Dolors Monserrat</strong>, Member of the European Parliament, chair of the Committee on Petitions and member of the Committee on the Environment, Public Health and Food Safety.</li>
<li><strong>María Jesús Lamas</strong>, Director of the Spanish Agency of Medicines and Medical Devices.</li>
<li><strong>Jesús García-Foncillas, </strong>Director of OncoHealth Oncology Institute &#8211; Representative of the Spanish Society of Medical Oncology (SEOM)</li>
</ul>
[/vc_column_text][/vc_column_inner][/vc_row_inner][/vc_tta_section][vc_tta_section title=&#8221;DECEMBER 15 &#8211; ADVANCED THERAPIES&#8221; tab_id=&#8221;1606915263123-3de06f76-5867&#8243;][vc_row_inner][vc_column_inner width=&#8221;1/4&#8243;][vc_column_text css=&#8221;.vc_custom_1607514184341{margin-bottom: 0px !important;}&#8221;]
<h3><span style="color: #ea5653;">10:00 &#8211; 10:45</span></h3>
[/vc_column_text][vc_column_text css=&#8221;.vc_custom_1607959126393{margin-bottom: 0px !important;}&#8221;]Sponsored by:[/vc_column_text][vc_single_image image=&#8221;374&#8243; img_size=&#8221;180&#215;60&#8243;][/vc_column_inner][vc_column_inner width=&#8221;3/4&#8243;][vc_column_text css=&#8221;.vc_custom_1607514219977{margin-bottom: 0px !important;}&#8221;]
<h3><span style="color: #ea5653;">Public-Private Collaboration in Advanced Therapies </span></h3>
[/vc_column_text][vc_column_text css=&#8221;.vc_custom_1607514454943{margin-bottom: 0px !important;}&#8221;]<strong>Moderator:</strong></p>
<ul>
<li><strong>Gurutz Linazasoro</strong>, Coordinator Advanced Therapies Working Group,  AseBio</li>
</ul>
<p><strong>Speakers:</strong></p>
<ul>
<li><strong>Juan Jose F. Polledo</strong>, Director Corporate Affairs, Takeda</li>
<li><strong>Roke Iñaki Oruezabal</strong>, Director &#8211; Development &amp; Innovation, Andalusian Network for the design and Translation of Advanced Therapies</li>
<li><strong>Mariano García-Arranz</strong>, Researcher, New Therapies Lab &#8211; Fundación Jiménez Díaz University Hospital Health Research Institute</li>
</ul>
[/vc_column_text][/vc_column_inner][/vc_row_inner][vc_row_inner][vc_column_inner width=&#8221;1/4&#8243;][vc_column_text css=&#8221;.vc_custom_1608028530964{margin-bottom: 0px !important;}&#8221;]
<h3><span style="color: #ea5653;">12:30 &#8211; 13:30</span></h3>
[/vc_column_text][vc_column_text css=&#8221;.vc_custom_1608028548540{margin-bottom: 0px !important;}&#8221;]Sponsored by:[/vc_column_text][vc_single_image image=&#8221;357&#8243; img_size=&#8221;150&#215;100&#8243;][/vc_column_inner][vc_column_inner width=&#8221;3/4&#8243;][vc_column_text css=&#8221;.vc_custom_1608028634465{margin-bottom: 0px !important;}&#8221;]
<h3><span style="color: #ea5653;">Advanced Therapies Manufacturing: technical &amp; regulatory challenges</span></h3>
<p><strong>Moderator: </strong></p>
<ul>
<li><strong>Gurutz Linazasoro, </strong>CEO VIVEbiotech</li>
</ul>
<p><strong>Speakers: </strong></p>
<ul>
<li><strong>Natalia Elizalde,</strong> Business Development Director, VIVEBiotech</li>
<li><strong>Angeles Escartí Nebot,</strong> Principal Consultant, Scendea</li>
<li><strong>Javier Lobo,</strong> Manager of Field Application Specialist para España, Portugal e Italia, Sartorius Stedim Biotech</li>
</ul>
[/vc_column_text][/vc_column_inner][/vc_row_inner][/vc_tta_section][vc_tta_section title=&#8221;DECEMBER 16 &#8211; EU PHARMACEUTICAL STRATEGY&#8221; tab_id=&#8221;1606915354252-57f98abb-55c1&#8243;][vc_row_inner][vc_column_inner width=&#8221;1/4&#8243;][vc_column_text css=&#8221;.vc_custom_1607514854632{margin-bottom: 0px !important;}&#8221;]
<h3><span style="color: #ea5653;">09:30 &#8211; 10:30</span></h3>
[/vc_column_text][/vc_column_inner][vc_column_inner width=&#8221;3/4&#8243;][vc_column_text css=&#8221;.vc_custom_1608028296481{margin-bottom: 0px !important;}&#8221;]<strong>Moderator:</strong></p>
<ul>
<li><strong>Enrique Castellón</strong>, Delegate Health Working Group, AseBio</li>
</ul>
<p><strong>Speakers:</strong></p>
<ul>
<li><strong>Isabel Amat, </strong>Global Head of Innovation and Pipeline Management, Reig Jofre</li>
<li><strong>Jose Ramón Luis-Yagüe, </strong>Director of Regional Governments Relations, Farmaindustria</li>
<li><strong>Oriol Penon, </strong>Business Development &amp; Sales Manager, Asphalion</li>
<li><strong>Encarna Cruz, </strong>General Manager, Biosim</li>
</ul>
[/vc_column_text][/vc_column_inner][/vc_row_inner][/vc_tta_section][vc_tta_section title=&#8221;DECEMBER 16 &#8211; PRECISION MEDICINE&#8221; tab_id=&#8221;1606915386006-9b8350f0-dc38&#8243;][vc_row_inner][vc_column_inner width=&#8221;1/4&#8243;][vc_column_text css=&#8221;.vc_custom_1607515001532{margin-bottom: 0px !important;}&#8221;]
<h3><span style="color: #ea5653;">11:00 &#8211; 12:00</span></h3>
[/vc_column_text][vc_column_text css=&#8221;.vc_custom_1607959263432{margin-bottom: 0px !important;}&#8221;]Sponsored by:[/vc_column_text][vc_single_image image=&#8221;359&#8243; img_size=&#8221;200&#215;50&#8243;][/vc_column_inner][vc_column_inner width=&#8221;3/4&#8243;][vc_column_text css=&#8221;.vc_custom_1607769221444{margin-bottom: 0px !important;}&#8221;]<strong>Moderador: </strong></p>
<ul>
<li><strong>Jesús María Fernández</strong><strong>, </strong>CEO, HIRIS Innovation Technologies</li>
</ul>
<p><strong>Ponentes: </strong></p>
<ul>
<li><strong>Juan Cruz Cigudosa,</strong> Navarra, Consejero de Universidad, Innovación y Transformación Digital del Gobierno de Navarra.</li>
<li><strong>Enriqueta Felip,</strong> Vicepresidenta de SEOM &amp; Oncóloga Médico del Servicio de Oncología Médica Hospital Universitari General Vall d&#8217;Hebrón</li>
<li><strong>José Palacios, </strong>Jefe del Servicio de Anatomía Patológica del Hospital Universitario Ramón y Cajal</li>
<li><strong>Cristóbal Belda, </strong>Subdirector de Evaluación y Fomento de la Investigación del Instituto de Salud Carlos III</li>
<li><strong>Jorge Mestre, </strong>Consultor Económico &amp; Profesor Asociado, Universidad Carlos</li>
</ul>
[/vc_column_text][/vc_column_inner][/vc_row_inner][vc_row_inner][vc_column_inner width=&#8221;1/4&#8243;][vc_column_text css=&#8221;.vc_custom_1607769239729{margin-bottom: 0px !important;}&#8221;]
<h3><span style="color: #ea5653;">12:30 &#8211; 12:15</span></h3>
[/vc_column_text][/vc_column_inner][vc_column_inner width=&#8221;3/4&#8243;][vc_column_text css=&#8221;.vc_custom_1607769335135{margin-bottom: 0px !important;}&#8221;]<strong>Closing Remarks:</strong></p>
<ul>
<li><strong>Ana Polanco</strong>, President of AseBio</li>
<li><strong>Pedro Alonso</strong>, Director of the WHO Global Malaria Programme</li>
</ul>
[/vc_column_text][/vc_column_inner][/vc_row_inner][/vc_tta_section][/vc_tta_accordion][/vc_column][/mk_page_section]
